{"id":257,"date":"2023-01-21T22:51:23","date_gmt":"2023-01-21T22:51:23","guid":{"rendered":"https:\/\/deskakompozytowa.eu\/?page_id=257"},"modified":"2025-02-07T09:27:15","modified_gmt":"2025-02-07T09:27:15","slug":"deska-tarasowa-drewniana","status":"publish","type":"page","link":"https:\/\/projekt-taras.pl\/?page_id=257","title":{"rendered":"DESKA TARASOWA DREWNIANA"},"content":{"rendered":"\n<p>Deska dost\u0119pna w czterech rodzajach, jako\u015b\u0107 A\/B i Select:<\/p>\n\n\n\n<ul class=\"wp-block-list\">\n<li><strong>Modrzew Syberyjski<\/strong><\/li>\n\n\n\n<li><strong>Modrzew Krajowy<\/strong><\/li>\n\n\n\n<li><strong>Thermo Sosna<\/strong><\/li>\n\n\n\n<li><strong>Thermo Jesion<\/strong><\/li>\n<\/ul>\n\n\n\n<p>Dost\u0119pna w wymiarach: <\/p>\n\n\n\n<p>D\u0142ugo\u015b\u0107: 1000 \/ 2000 \/ 3000 \/ 4000 mm<br>Szeroko\u015b\u0107: 140 mm<\/p>\n\n\n\n<figure class=\"wp-block-gallery has-nested-images columns-4 is-cropped wp-block-gallery-1 is-layout-flex wp-block-gallery-is-layout-flex\">\n<figure class=\"wp-block-image size-large\"><a href=\"https:\/\/projekt-taras.pl\/\/wp-content\/uploads\/2023\/01\/modrzew-syb.jpg\"><img loading=\"lazy\" decoding=\"async\" width=\"168\" height=\"200\" data-id=\"261\" src=\"https:\/\/projekt-taras.pl\/\/wp-content\/uploads\/2023\/01\/modrzew-syb.jpg\" alt=\"\" class=\"wp-image-261\"\/><\/a><figcaption class=\"wp-element-caption\">Modrzew Syberyjski G\u0142adki<\/figcaption><\/figure>\n\n\n\n<figure class=\"wp-block-image size-large\"><a href=\"https:\/\/projekt-taras.pl\/\/wp-content\/uploads\/2023\/01\/termo-sosna.jpg\"><img loading=\"lazy\" decoding=\"async\" width=\"300\" height=\"196\" data-id=\"258\" src=\"https:\/\/projekt-taras.pl\/\/wp-content\/uploads\/2023\/01\/termo-sosna.jpg\" alt=\"\" class=\"wp-image-258\"\/><\/a><figcaption class=\"wp-element-caption\">Termo Sosna<\/figcaption><\/figure>\n\n\n\n<figure class=\"wp-block-image size-large\"><a href=\"https:\/\/projekt-taras.pl\/\/wp-content\/uploads\/2023\/01\/modrzew.jpg\"><img loading=\"lazy\" decoding=\"async\" width=\"246\" height=\"200\" data-id=\"260\" src=\"https:\/\/projekt-taras.pl\/\/wp-content\/uploads\/2023\/01\/modrzew.jpg\" alt=\"\" class=\"wp-image-260\"\/><\/a><figcaption class=\"wp-element-caption\">Modrzew Syberyjski Ryflowany<\/figcaption><\/figure>\n\n\n\n<figure class=\"wp-block-image size-large\"><a href=\"https:\/\/projekt-taras.pl\/\/wp-content\/uploads\/2023\/01\/jesion.jpg\"><img loading=\"lazy\" decoding=\"async\" width=\"263\" height=\"200\" data-id=\"259\" src=\"https:\/\/projekt-taras.pl\/\/wp-content\/uploads\/2023\/01\/jesion.jpg\" alt=\"\" class=\"wp-image-259\"\/><\/a><figcaption class=\"wp-element-caption\">Termo Jesion<\/figcaption><\/figure>\n<\/figure>\n","protected":false},"excerpt":{"rendered":"<p>Deska dost\u0119pna w czterech rodzajach, jako\u015b\u0107 A\/B i Select: Dost\u0119pna w wymiarach: D\u0142ugo\u015b\u0107: 1000 \/ 2000 \/ 3000 \/ 4000 mmSzeroko\u015b\u0107: 140 mm<\/p>\n","protected":false},"author":1,"featured_media":0,"parent":0,"menu_order":0,"comment_status":"closed","ping_status":"closed","template":"","meta":{"footnotes":""},"class_list":["post-257","page","type-page","status-publish","hentry"],"_links":{"self":[{"href":"https:\/\/projekt-taras.pl\/index.php?rest_route=\/wp\/v2\/pages\/257","targetHints":{"allow":["GET"]}}],"collection":[{"href":"https:\/\/projekt-taras.pl\/index.php?rest_route=\/wp\/v2\/pages"}],"about":[{"href":"https:\/\/projekt-taras.pl\/index.php?rest_route=\/wp\/v2\/types\/page"}],"author":[{"embeddable":true,"href":"https:\/\/projekt-taras.pl\/index.php?rest_route=\/wp\/v2\/users\/1"}],"replies":[{"embeddable":true,"href":"https:\/\/projekt-taras.pl\/index.php?rest_route=%2Fwp%2Fv2%2Fcomments&post=257"}],"version-history":[{"count":3,"href":"https:\/\/projekt-taras.pl\/index.php?rest_route=\/wp\/v2\/pages\/257\/revisions"}],"predecessor-version":[{"id":815,"href":"https:\/\/projekt-taras.pl\/index.php?rest_route=\/wp\/v2\/pages\/257\/revisions\/815"}],"wp:attachment":[{"href":"https:\/\/projekt-taras.pl\/index.php?rest_route=%2Fwp%2Fv2%2Fmedia&parent=257"}],"curies":[{"name":"wp","href":"https:\/\/api.w.org\/{rel}","templated":true}]}}